ds digit of n?
1
Let f(y) = y**3 + 35*y**2 - 2*y - 3. Suppose 2*l + 6 = -64. What is the units digit of f(l)?
7
Let w(f) = 6*f**2 - 43*f + 10. What is the tens digit of w(9)?
0
Suppose -5*r - 2 - 3 = s, 5*s = -5*r + 15. Suppose -3*a - 4*p + 229 + 201 = 0, -s*p - 705 = -5*a. What is the tens digit of a?
4
Suppose 51*f = 61*f - 10060. What is the tens digit of f?
0
Suppose -86 = 4*z + 5*r - 1383, 4*z + 4*r - 1296 = 0. What is the units digit of z?
3
Let m = 11 + 75. Suppose -3*b + 253 - 47 = 5*c, 0 = 2*c + 3*b - m. What is the tens digit of c?
4
Let m be 24/48*(0 - 206). Let i = -40 - m. What is the tens digit of i?
6
Let j = 28 + -25. Suppose 3*u - j*f - 55 - 44 = 0, u - 2*f = 38. What is the units digit of u?
8
What is the hundreds digit of (-857588)/(-638) - 4/22?
3
Let r(f) = f**3 + f**2 - 5*f + 5. Let b be r(-3). Suppose 0*d = -b*d + 172. What is the tens digit of d?
8
Suppose -5*k = 2*f + 1, -2*f + 3*k + 5 = -f. Suppose 3*g = -3*c + 225, g + g - 150 = f*c. What is the units digit of g?
5
Suppose u = 5*u + k + 8, -3*u - 3*k - 15 = 0. What is the units digit of ((-456)/(-5) - u) + 1/(-5)?
2
What is the tens digit of (-5 - 20)*-2*12?
0
Let q = -99 + 42. What is the tens digit of ((-665)/q)/(1/6)?
7
Let w(b) = -b + 2. Let j be w(0). What is the tens digit of j/(-3) - 356/(-12)?
2
Let d(w) be the first derivative of -3*w**2/2 - 8*w + 8. Let s be d(-3). What is the units digit of s/(-4) - (-78)/24?
3
Let v(b) = -b**2 - 2*b + 57. Let y be v(0). Let q = y + -26. What is the tens digit of q?
3
Suppose -d + 4*q - 42 = 4*d, 0 = 2*q - 6. Let j = -1 - d. What is the units digit of ((-4)/10)/((-2)/j)?
1
Suppose -2*t + 7*t - 4*w = 11, 13 = 3*t + 4*w. Suppose 5*j = 4*v + 2, -4*j + v + t = -3. What is the tens digit of 51/5 + j/(-10)?
1
Let u = 5 - 3. Let r be u/3 - (-508)/12. Suppose -5*a - r = -2*t, 5*t - 57 = a - 7. What is the units digit of t?
9
Suppose -572 = 4*f + 3*z, -z + 715 = -5*f - 6*z. Let x = -83 - f. What is the tens digit of x?
6
Suppose -40 = -5*k + 150. Suppose 10*t - k = 8*t. Suppose 0 = 5*m + 3*s - t, 0*m + 5*s = 2*m - 20. What is the units digit of m?
5
Let v(a) = 9*a + 68. Let w be v(-7). Suppose k - 193 = 4*i, 0 = -4*k - w*i - 172 + 1049. What is the hundreds digit of k?
2
Suppose 4*h - 212 = -2*r + 4*r, 3*h - 157 = 2*r. Let u be 3/(-5)*(36 - 41). Suppose 56 + h = u*s. What is the units digit of s?
7
Let l be 3 + 2 + -3 + 12. Suppose p + 3 - 8 = 0. Suppose p*n = -l + 134. What is the units digit of n?
4
Suppose 3*d + 843 = -0*d. Let h = 5 - d. What is the units digit of h?
6
What is the units digit of (-7)/(-35) - (-4338)/10 - 5?
9
Suppose 4*i + 3*d - 2115 = 0, i = -0*d + 2*d + 515. What is the tens digit of i?
2
Let n be ((-78)/(-4))/((-12)/32). Let l = -17 - n. What is the units digit of l?
5
Let g = -40 - -43. What is the units digit of -32*2/(-12)*g?
6
Let i(n) = -n**2 - 6*n - 3. Let d be i(-5). Suppose 0 = 5*p + d*x - 114, -2*p - p = x - 69. Let g = -14 + p. What is the tens digit of g?
1
Suppose 3*d - 11 = 5*l, 0 = 4*l - 0 + 4. Let c = 0 + d. Suppose -3*i = -c*z - 38, z = 4*i + 4*z - 45. What is the units digit of i?
2
Let y(f) = 22*f. What is the tens digit of y(2)?
4
Let b be 0/(-6)*(-2)/4. Suppose -180 = -5*h - h. Suppose -2*v + 7*v - h = b. What is the units digit of v?
6
Let d(t) = t**3 + 10*t**2 - t + 1. Let c be d(-10). Suppose c*w - 4*w - 581 = 0. What is the tens digit of w?
8
Let f = -5 + 25. Suppose -3*q - 5 + f = 0. What is the tens digit of q + -1 - (-36 - 0)?
4
Let t(l) = -l**2 + l. Let y(f) = -6*f**2 + f - 15. Let d(m) = 4*t(m) - y(m). What is the tens digit of d(7)?
3
What is the hundreds digit of -7 + (15 - 4) + (-3952)/(-2)?
9
Suppose -5*k + 15 = 0, -4*r + 2*k + 9819 = r. What is the thousands digit of r?
1
Let f be 4/(-6)*-3*1. Let t(g) = -26*g**3 + 2*g**2 - 2*g + 4. Let w be t(f). What is the tens digit of -1*w/(2 - -3)?
4
Let b be (-76)/(-16) + (-4)/(-16). Suppose -b*m - d = -595, 2*d + 476 = 4*m + 4*d. What is the units digit of m?
9
Suppose 4*v = -4, 0 = 3*c - v - 4 - 15. Let j = c - 0. Let b = j + 10. What is the tens digit of b?
1
Suppose -5*w = -10, 4628 = 13*h - 10*h + w. What is the units digit of h?
2
Let b = 3 - 2. Suppose -w = -1, 3*l - b = 5*w - 0. Suppose 0 = -7*f + l*f + 60. What is the units digit of f?
2
Suppose -l + 3*q = l + 13, 2*q - 46 = 4*l. Let v = -13 - l. What is the units digit of v?
1
What is the tens digit of 35/14*-957*(-4)/15?
3
Let s = -289 - -622. What is the units digit of s?
3
Suppose -4*v + 239 - 2535 = 0. Let h be 2/6 + v/21. Let l = 40 + h. What is the units digit of l?
3
Suppose a = 5*s - s - 74, -4 = 2*a. Let y(g) = -g**2 - 11*g - 3. Let v be y(-9). Let h = s - v. What is the units digit of h?
3
Suppose -3*n + 303 = -105. Suppose 20*d = 18*d + n. What is the units digit of d?
8
Suppose 4*w = -u + 1959 - 137, 4*u = 4*w + 7348. What is the thousands digit of u?
1
Suppose -24 = -5*b - 54. What is the tens digit of (136 - -4) + 2 + b?
3
Let r = 659 + -434. What is the hundreds digit of r?
2
Suppose 55 = -0*z - 5*z. Let u(d) = d + 15. Let x be u(z). Suppose 0 = 5*v - 1 - x. What is the units digit of v?
1
Let r(b) = -b**2 - 5*b - 5. Let u be r(-5). Let j = 11 + u. What is the units digit of j*(80/12 - 3)?
2
Let d(c) be the second derivative of -13*c**3/3 - 31*c**2/2 + 25*c. What is the hundreds digit of d(-7)?
1
Suppose -x + 1026 = 4*c, 3068 = 3*x - 0*c + 2*c. What is the tens digit of x?
2
Suppose -52591 - 27809 = -25*s. What is the tens digit of s?
1
Suppose -2676 = -10*j + 414. What is the hundreds digit of j?
3
Let n(y) = -y**2 + 7*y + 56. What is the units digit of n(0)?
6
Suppose 0*h - 2*h = -210. Suppose 4*k - 3*s = -h, 3*s = -s - 4. Let j = -2 - k. What is the tens digit of j?
2
Let j(n) = 105*n - 21. Let m be j(-5). Let x = m + 835. What is the hundreds digit of x?
2
Suppose 0 = -w + 4, 0 = 5*q - w - 0*w + 4. Suppose 2*u = -4*a + 707 - 145, q = 4*u - 20. What is the tens digit of a?
3
Suppose -4*a - 43 = n, -2*n - 28 + 2 = 3*a. Let f = -12 - a. Suppose f = 4*u - 0*u - 56. What is the tens digit of u?
1
Suppose c + 2*x = x - 2, -x = 3. Let q(g) = -c - 11*g + 5*g**2 + g**3 + 7*g - 3. What is the tens digit of q(-5)?
1
Let c = 11 + -6. Suppose n - u - 4*u = -2, -4*n + c*u = -52. Let p = 3 + n. What is the tens digit of p?
2
Suppose -498*t - 21238 = -512*t. What is the tens digit of t?
1
Let b(c) = 109*c**3 - c**2 + 1. Let v be b(1). Let g = -189 + v. Let w = 116 + g. What is the units digit of w?
6
Let d = 2 - -29. What is the units digit of d?
1
Suppose 84 + 700 = 8*x. What is the tens digit of x?
9
Suppose 2*b - 5*m = 22, -2*b = 5*m + 1 - 3. Let h(z) = z**3 - 4*z**2 - z - 1. What is the tens digit of h(b)?
6
Let l(m) = -33 - 3*m - 10*m + 11*m. What is the units digit of l(-19)?
5
Let g = -23 - -25. Suppose 4*p = -4*a + 256, -p + 88 = g*a - 36. What is the tens digit of a?
6
Let w(g) = -g**3 + 6*g**2 - 11*g + 3. Let q be w(4). Let s = -6 - q. What is the units digit of s + 0 - -11 - 0?
4
Suppose 0 = -21*b + 22*b - 40. What is the units digit of (-8)/(36/b + -1)?
0
Let h = -28 - -28. Suppose h = -10*g + 5*g - 10. What is the units digit of g - (-10 + (2 - 0))?
6
Let r(z) = -3*z**3 - 7*z**2 + 5*z + 3. Let q be r(-4). Suppose 68*p - 160 = q*p. What is the units digit of p?
2
Let o(z) = -104*z**2 + z. Let f be o(-1). Let k = f + 178. What is the tens digit of k?
7
What is the hundreds digit of (276/8)/(27/234)?
2
Let m(j) = j**2 - 5*j - 3. Let n be m(6). Suppose 0 = 3*w - 55 - 62. Suppose -n*a = -w - 3. What is the units digit of a?
4
Suppose 0 = x + x - 6. Let z be 28/(-8)*4*-1. What is the units digit of (-6)/(-4)*z/x?
7
Let m = 316 - -385. What is the units digit of m?
1
Let t = 1831 - 41. What is the tens digit of t?
9
Let i(u) = 1793*u - 8. What is the tens digit of i(1)?
8
Let m = 372 + -187. What is the tens digit of m?
8
Let o(w) = 2*w**2 + 10*w + 3. Let t be o(-8). Let a = 60 + -58. Suppose 0 = 2*f - 5*c - 129, a*f - f = -2*c + t. What is the units digit of f?
7
Suppose -4*y + 2*s = -3 - 13, 5*s = -2*y + 8. Suppose y*i = -i + 260. What is the tens digit of i?
5
Let o(n) = -n**3 - 2*n**2 + 9*n + 6. Let v be o(-4). Suppose 0 = -v*w - 0*w + 6. What is the units digit of w?
3
Suppose 2*d + 1 = -2*j + d, -2*d - 8 = j. Suppose -5*v - 3*p = -185, 2*v + 3*p = -j*v + 